{"id":26,"date":"2010-12-20T11:23:53","date_gmt":"2010-12-20T11:23:53","guid":{"rendered":"http:\/\/www.klaussteffes-hollaender.de\/?page_id=26"},"modified":"2025-01-21T14:01:46","modified_gmt":"2025-01-21T14:01:46","slug":"konzerte","status":"publish","type":"page","link":"https:\/\/www.klaussteffes-hollaender.de\/?page_id=26","title":{"rendered":"Konzerte"},"content":{"rendered":"<h2>&nbsp;<\/h2>\n<h2>2025<\/h2>\n<p><em><strong>17.1. Berlin:<\/strong><\/em> Festival Ultraschall, Heimathafen Neuk\u00f6lln, Werke von Enno Poppe, Katherine Balch und Malin Bang, mit dem Ensemble Recherche<\/p>\n<p><em><strong>15.2. Freiburg:<\/strong> <\/em>Musica Nova Helsinki, Werke von Malin Bang, Frank Bedrossian und Vito Zuraj (UA), mit dem Ensemble Recherche und dem Helsinki Chamber Choir<\/p>\n<p><em><strong>13.3. Freiburg:<\/strong><\/em> Ensemblehaus Freiburg, Abokonzert 3 des Ensemble Recherche, Werke von Enno Poppe, Emilio Guim, Swantje Lichtenstein, Antonio la Spina und Li-Ying Wu<\/p>\n<p><em><strong>4.-6.4. N\u00fcrnberg:<\/strong> <\/em>Acustica Musikmesse, Vortr\u00e4ge zu neuen Spieltechniken und zu M\u00f6glichkeiten im Klavierbau in Zusammenarbeit mit der Klavierbaufirma <em>Steingr\u00e4ber und S\u00f6hne<\/em><\/p>\n<p><em><strong>9.4. Genf:<\/strong><\/em> Festival Archipel, Werke von Farnaz Modarresifar und anderen, mit dem Ensemble Recherche<\/p>\n<p><em><strong>22.-24.4. Freiburg:<\/strong><\/em> Ensemblehaus \/ Musikhochschule, <em>side by side<\/em> mit Studierenden der Musikhochschule Freiburg, Werke von Jose Buencamino, Yebon Jeong, Albert Saprykin, Samir Odeh-Tamimi, Natalia Solomonoff, Rebecca Saunders und Johannes Sch\u00f6llhorn, mit dem Ensemble Recherche<\/p>\n<p><em><strong>17.5. K\u00f6ln:<\/strong><\/em> Festival Acht Br\u00fccken, WDR Gro\u00dfer Sendesaal, DLF, Werke von Malin Bang, Frank Bedrossian und Vito Zuraj (DE), mit dem Ensemble Recherche und dem Helsinki Chamber Choir<\/p>\n<p><em><strong>18.5. Freiburg:<\/strong><\/em> Paulussaal, Abokonzert 4 des Ensemble Recherche, Werke von Malin Bang, Frank Bedrossian, Jug K. Markovicund Vito Zuraj (DE), mit dem Ensemble Recherche und dem Helsinki Chamber Choir<\/p>\n<p><em><strong>23.\/24.5. Baden-Baden: <\/strong><\/em>Festspielhaus,<em> A Song of Salt and Water,<\/em> Eine Reise in eine Unterwasserwelt mit Werken von Kristine Tjoegersen und Mads Emil Dreyer (Kindervorstellungen), mit dem Ensemble Recherche<\/p>\n<p><em><strong>7.6. Baden-Baden:<\/strong> <\/em>Festspielhaus, Werke von Frank Zappa, mit dem SWR-Sinfonieorchster (Leitung Jonathan Stockhammer)<\/p>\n<p><em><strong>10.\/11.6. Trossingen:<\/strong> <\/em>Musikhochschule, Antrittskonzerte f\u00fcr Prof. Sven Daigger, mit dem Ensemble Recherche<\/p>\n<p><em><strong>24.-28.6. S\u00fcdkorea: <\/strong><\/em>Daegu Festival, Programm noch offen, mit dem Ensemble Recherche<em><strong><br \/>\n<\/strong><\/em><\/p>\n<p><em><strong>11.-13.7. Freiburg:<\/strong><\/em> 40 Jahre Ensemble Recherche, Ensemblehaus Freiburg, verschieden Konzerte und Events<\/p>\n<p><em><strong>24.7. Baden-Baden: <\/strong><\/em>Festspielhaus, Abschlu\u00dfpr\u00e4sentation IM.PULS, mit Schulklassen aus Freiburg, Baden-Baden und Rastatt und mit dem Ensemble Recherche<em><strong><br \/>\n<\/strong><\/em><\/p>\n<p><em><strong>26.7.-1.8. Lissabon: <\/strong><\/em>Musikhochschule Lissabon, Workshop ESML &#8211; POSTGRADUATE COURSE IN APPLIED COMPOSITION 2024-2025 mit Kompositionsstudierenden aus der ganzen Welt<em><strong><br \/>\n<\/strong><\/em><\/p>\n","protected":false},"excerpt":{"rendered":"<p>&nbsp; 2025 17.1. Berlin: Festival Ultraschall, Heimathafen Neuk\u00f6lln, Werke von Enno Poppe, Katherine Balch und Malin Bang, mit dem Ensemble Recherche 15.2. Freiburg: Musica Nova Helsinki, Werke von Malin Bang, Frank Bedrossian und Vito Zuraj (UA), mit dem Ensemble Recherche und dem Helsinki Chamber Choir 13.3. Freiburg: Ensemblehaus Freiburg, Abokonzert 3 des Ensemble Recherche, Werke [&hellip;]<\/p>\n","protected":false},"author":1,"featured_media":0,"parent":0,"menu_order":2,"comment_status":"closed","ping_status":"closed","template":"page-templates\/full-width.php","meta":{"ngg_post_thumbnail":0},"_links":{"self":[{"href":"https:\/\/www.klaussteffes-hollaender.de\/index.php?rest_route=\/wp\/v2\/pages\/26"}],"collection":[{"href":"https:\/\/www.klaussteffes-hollaender.de\/index.php?rest_route=\/wp\/v2\/pages"}],"about":[{"href":"https:\/\/www.klaussteffes-hollaender.de\/index.php?rest_route=\/wp\/v2\/types\/page"}],"author":[{"embeddable":true,"href":"https:\/\/www.klaussteffes-hollaender.de\/index.php?rest_route=\/wp\/v2\/users\/1"}],"replies":[{"embeddable":true,"href":"https:\/\/www.klaussteffes-hollaender.de\/index.php?rest_route=%2Fwp%2Fv2%2Fcomments&post=26"}],"version-history":[{"count":123,"href":"https:\/\/www.klaussteffes-hollaender.de\/index.php?rest_route=\/wp\/v2\/pages\/26\/revisions"}],"predecessor-version":[{"id":670,"href":"https:\/\/www.klaussteffes-hollaender.de\/index.php?rest_route=\/wp\/v2\/pages\/26\/revisions\/670"}],"wp:attachment":[{"href":"https:\/\/www.klaussteffes-hollaender.de\/index.php?rest_route=%2Fwp%2Fv2%2Fmedia&parent=26"}],"curies":[{"name":"wp","href":"https:\/\/api.w.org\/{rel}","templated":true}]}}

<h2>&nbsp;</h2>
<h2>2025</h2>
<p><em><strong>17.1. Berlin:</strong></em> Festival Ultraschall, Heimathafen Neukölln, Werke von Enno Poppe, Katherine Balch und Malin Bang, mit dem Ensemble Recherche</p>
<p><em><strong>15.2. Freiburg:</strong> </em>Musica Nova Helsinki, Werke von Malin Bang, Frank Bedrossian und Vito Zuraj (UA), mit dem Ensemble Recherche und dem Helsinki Chamber Choir</p>
<p><em><strong>13.3. Freiburg:</strong></em> Ensemblehaus Freiburg, Abokonzert 3 des Ensemble Recherche, Werke von Enno Poppe, Emilio Guim, Swantje Lichtenstein, Antonio la Spina und Li-Ying Wu</p>
<p><em><strong>4.-6.4. Nürnberg:</strong> </em>Acustica Musikmesse, Vorträge zu neuen Spieltechniken und zu Möglichkeiten im Klavierbau in Zusammenarbeit mit der Klavierbaufirma <em>Steingräber und Söhne</em></p>
<p><em><strong>9.4. Genf:</strong></em> Festival Archipel, Werke von Farnaz Modarresifar und anderen, mit dem Ensemble Recherche</p>
<p><em><strong>22.-24.4. Freiburg:</strong></em> Ensemblehaus / Musikhochschule, <em>side by side</em> mit Studierenden der Musikhochschule Freiburg, Werke von Jose Buencamino, Yebon Jeong, Albert Saprykin, Samir Odeh-Tamimi, Natalia Solomonoff, Rebecca Saunders und Johannes Schöllhorn, mit dem Ensemble Recherche</p>
<p><em><strong>17.5. Köln:</strong></em> Festival Acht Brücken, WDR Großer Sendesaal, DLF, Werke von Malin Bang, Frank Bedrossian und Vito Zuraj (DE), mit dem Ensemble Recherche und dem Helsinki Chamber Choir</p>
<p><em><strong>18.5. Freiburg:</strong></em> Paulussaal, Abokonzert 4 des Ensemble Recherche, Werke von Malin Bang, Frank Bedrossian, Jug K. Markovicund Vito Zuraj (DE), mit dem Ensemble Recherche und dem Helsinki Chamber Choir</p>
<p><em><strong>23./24.5. Baden-Baden: </strong></em>Festspielhaus,<em> A Song of Salt and Water,</em> Eine Reise in eine Unterwasserwelt mit Werken von Kristine Tjoegersen und Mads Emil Dreyer (Kindervorstellungen), mit dem Ensemble Recherche</p>
<p><em><strong>7.6. Baden-Baden:</strong> </em>Festspielhaus, Werke von Frank Zappa, mit dem SWR-Sinfonieorchster (Leitung Jonathan Stockhammer)</p>
<p><em><strong>10./11.6. Trossingen:</strong> </em>Musikhochschule, Antrittskonzerte für Prof. Sven Daigger, mit dem Ensemble Recherche</p>
<p><em><strong>24.-28.6. Südkorea: </strong></em>Daegu Festival, Programm noch offen, mit dem Ensemble Recherche<em><strong><br />
</strong></em></p>
<p><em><strong>11.-13.7. Freiburg:</strong></em> 40 Jahre Ensemble Recherche, Ensemblehaus Freiburg, verschieden Konzerte und Events</p>
<p><em><strong>24.7. Baden-Baden: </strong></em>Festspielhaus, Abschlußpräsentation IM.PULS, mit Schulklassen aus Freiburg, Baden-Baden und Rastatt und mit dem Ensemble Recherche<em><strong><br />
</strong></em></p>
<p><em><strong>26.7.-1.8. Lissabon: </strong></em>Musikhochschule Lissabon, Workshop ESML &#8211; POSTGRADUATE COURSE IN APPLIED COMPOSITION 2024-2025 mit Kompositionsstudierenden aus der ganzen Welt<em><strong><br />
</strong></em></p>

<p>&nbsp; 2025 17.1. Berlin: Festival Ultraschall, Heimathafen Neukölln, Werke von Enno Poppe, Katherine Balch und Malin Bang, mit dem Ensemble Recherche 15.2. Freiburg: Musica Nova Helsinki, Werke von Malin Bang, Frank Bedrossian und Vito Zuraj (UA), mit dem Ensemble Recherche und dem Helsinki Chamber Choir 13.3. Freiburg: Ensemblehaus Freiburg, Abokonzert 3 des Ensemble Recherche, Werke [&hellip;]</p>
